{"id":20,"date":"2018-02-13T16:05:21","date_gmt":"2018-02-13T15:05:21","guid":{"rendered":"http:\/\/skarlen.se\/elit\/?page_id=20"},"modified":"2025-02-06T08:27:54","modified_gmt":"2025-02-06T07:27:54","slug":"martin","status":"publish","type":"page","link":"https:\/\/skarlen.se\/elit\/martin\/","title":{"rendered":"Martin"},"content":{"rendered":"<p><img loading=\"lazy\" decoding=\"async\" src=\"https:\/\/skarlen.se\/elit\/files\/2025\/02\/received_29088561492757417926592067283390495.jpeg\" class=\"wp-image-304 alignnone size-full\" width=\"1200\" height=\"1600\" srcset=\"https:\/\/skarlen.se\/elit\/files\/2025\/02\/received_29088561492757417926592067283390495.jpeg 1200w, https:\/\/skarlen.se\/elit\/files\/2025\/02\/received_29088561492757417926592067283390495-225x300.jpeg 225w, https:\/\/skarlen.se\/elit\/files\/2025\/02\/received_29088561492757417926592067283390495-768x1024.jpeg 768w, https:\/\/skarlen.se\/elit\/files\/2025\/02\/received_29088561492757417926592067283390495-1152x1536.jpeg 1152w, https:\/\/skarlen.se\/elit\/files\/2025\/02\/received_29088561492757417926592067283390495-508x677.jpeg 508w\" sizes=\"(max-width: 1200px) 100vw, 1200px\" \/><\/p>\n<p>F\u00f6dd 28 mars 2000<\/p>\n<p>Martin har repressenterat juniorlandslaget i 3 m\u00e4sterskap det senaste var JVM i \u00d6sterike 2018.<\/p>\n<p>Under JSM 2020 i MTBO k\u00f6rde Martin till sig tv\u00e5 4e platser p\u00e5 sprint och medeln.<\/p>\n<p>Martin \u00e4r stark n\u00e4r det blir som tuffast n\u00e4r m\u00e5nga b\u00f6rjar tr\u00f6ttna efter 3h har martin mycket kvar att ge. Ni hittar honom som oftast i backar eller i n\u00e5got bl\u00f6tt k\u00e4rr.<\/p>\n<p>Just nu utbildar han sig till aborist, h\u00e4nger m\u00e4st bland tr\u00e4den.<\/p>\n","protected":false},"excerpt":{"rendered":"<p>F\u00f6dd 28 mars 2000 Martin har repressenterat juniorlandslaget i 3 m\u00e4sterskap det senaste var JVM i \u00d6sterike 2018. Under JSM 2020 i MTBO k\u00f6rde Martin till sig tv\u00e5 4e platser p\u00e5 sprint och medeln. Martin \u00e4r stark n\u00e4r det blir som tuffast n\u00e4r m\u00e5nga b\u00f6rjar tr\u00f6ttna efter 3h har martin mycket kvar att ge. Ni [&hellip;]<\/p>\n","protected":false},"author":2,"featured_media":261,"parent":0,"menu_order":0,"comment_status":"closed","ping_status":"closed","template":"","meta":{"jetpack_post_was_ever_published":false,"footnotes":""},"jetpack_sharing_enabled":true,"jetpack_shortlink":"https:\/\/wp.me\/P9EPYg-k","_links":{"self":[{"href":"https:\/\/skarlen.se\/elit\/wp-json\/wp\/v2\/pages\/20"}],"collection":[{"href":"https:\/\/skarlen.se\/elit\/wp-json\/wp\/v2\/pages"}],"about":[{"href":"https:\/\/skarlen.se\/elit\/wp-json\/wp\/v2\/types\/page"}],"author":[{"embeddable":true,"href":"https:\/\/skarlen.se\/elit\/wp-json\/wp\/v2\/users\/2"}],"replies":[{"embeddable":true,"href":"https:\/\/skarlen.se\/elit\/wp-json\/wp\/v2\/comments?post=20"}],"version-history":[{"count":7,"href":"https:\/\/skarlen.se\/elit\/wp-json\/wp\/v2\/pages\/20\/revisions"}],"predecessor-version":[{"id":305,"href":"https:\/\/skarlen.se\/elit\/wp-json\/wp\/v2\/pages\/20\/revisions\/305"}],"wp:featuredmedia":[{"embeddable":true,"href":"https:\/\/skarlen.se\/elit\/wp-json\/wp\/v2\/media\/261"}],"wp:attachment":[{"href":"https:\/\/skarlen.se\/elit\/wp-json\/wp\/v2\/media?parent=20"}],"curies":[{"name":"wp","href":"https:\/\/api.w.org\/{rel}","templated":true}]}}